. Suppose 5*q = -45 + u. What is the remainder when q*(-20)/8 + -2 is divided by 7?
4
Suppose 0*k - 7 = -k. What is the remainder when 12 + (1 - 3) + 1 is divided by k?
4
Let j be 6/(-5)*2/8*-10. Suppose -2*v = -8, -j*t = -3*v + 3 - 45. What is the remainder when 33 is divided by t?
15
Suppose 3*n - 1 = 2*s - 7, 5*n + 20 = 5*s. What is the remainder when 25 is divided by s?
1
Let o = -21 - -26. Let i = o + -3. Let j = 1 - -3. What is the remainder when j is divided by i?
0
Let s(d) = -d - 3. Let g be s(-6). Suppose 5*r - 112 = 3*w, -w - g = -4*w. Suppose -3*b + 43 = 25. What is the remainder when r is divided by b?
5
Suppose 16 = -4*u, 5*n + u - 62 = 4*u. Suppose -4*o - 5*y = -159, -2*y - 3*y - 5 = 0. What is the remainder when o is divided by -1 - ((-12)/n)/((-2)/(-20))?
8
Suppose -3 = 2*y - 5*y. Let j(q) = 85*q + 16. Let p(l) = 17*l + 3. Let r(c) = -2*j(c) + 11*p(c). Calculate the remainder when r(y) is divided by 5.
3
Let r(m) = 6*m - 5*m + 4 - 19 - 8. Let y be r(12). Calculate the remainder when 32 is divided by 3*3/(-9)*y.
10
Let y = 296 + -235. Calculate the remainder when y is divided by 9.
7
Suppose -3 + 2 = -2*n + 3*c, 5*c - 15 = -5*n. Let y(q) = q**3 - q**2 - q. Suppose 7*j - 4 = 3*j. Calculate the remainder when y(n) is divided by j.
0
Calculate the remainder when 341 is divided by (-903)/(-18) - 1 - (-107)/(-642).
47
Let a(n) = 5*n**3 + n**2 - 6*n + 2. Let u be a(3). Let p = u - 56. Calculate the remainder when p is divided by 19.
15
Let f(p) = p**3 + 19. Let x(g) = -g**2 + 16*g - 23. Let w = 52 + -42. What is the remainder when x(w) is divided by f(0)?
18
Calculate the remainder when 194 is divided by (-10)/(-16)*6*4.
14
Let p(x) = -2*x**2 + 20*x - 5. What is the remainder when 181 is divided by p(7)?
33
Let o = 644 + -597. What is the remainder when 234 is divided by o?
46
What is the remainder when 86 is divided by (-2162)/(-115) - 2/(-10)?
10
Suppose -29*j + 3087 + 248 = 0. Calculate the remainder when j is divided by 13.
11
Let u = -623 + 731. Calculate the remainder when u is divided by 57.
51
Let m(p) = -4*p + 19. What is the remainder when 85 is divided by m(2)?
8
Suppose 148 = b - 5*i, 5*i - 2*i + 144 = b. What is the remainder when b is divided by 30 + (16/(-2))/4?
26
Suppose -3*o = t - 95, 16*t + 62 = 2*o + 18*t. Calculate the remainder when 159 is divided by o.
31
What is the remainder when 117 is divided by -177*(5 - 112/21)?
58
Let q = 85 + -72. Calculate the remainder when q is divided by 9.
4
Suppose 4*o - 3 - 9 = 0. Suppose 0 = o*y + 4 - 34. Calculate the remainder when 35 is divided by (5/y)/((-2)/(-72)).
17
Suppose -51 = -5*o + 2*o. Let l be (3 + 0)*(o + -18). Let y = l + 7. What is the remainder when 13 is divided by y?
1
Let q = 4 + -6. Let c(u) = 6*u**2 + 4*u - 2. What is the remainder when 66 is divided by c(q)?
10
Let s(r) = r**3 + 6*r**2 - 10*r - 9. Let d = -384 - -406. Calculate the remainder when d is divided by s(-7).
10
Suppose -15 = -3*v + 5*h, -5 = -2*h + 1. Suppose 65*m - 55*m - 280 = 0. Calculate the remainder when m is divided by v.
8
Suppose 0 = 11*v - 5*v. Let t(b) = b**2 + 15. Let q(s) = -s**3 - 6*s**2 - 5*s - 2. What is the remainder when q(-6) is divided by t(v)?
13
Let q(i) = i**3 + 16*i**2 + 11*i + 39. What is the remainder when 385 is divided by q(-15)?
88
Let i(v) = 7*v - 2 - 8 - 8. Suppose 2*l + 3*k = -2*l + 135, 5*k - 38 = -l. What is the remainder when l is divided by i(5)?
16
Let c(m) = -2*m**3 + 16*m**2 - 4*m + 8. What is the remainder when c(6) is divided by 23?
13
Let v(y) = y**3 - 4*y**2 - 5*y + 3. Let f be v(5). Suppose 5*a - 37 = -7. Calculate the remainder when 23 + (-3 + f)/(-5) is divided by a.
5
Suppose -5*w + 33 = -2*w. Let k(n) = -2*n**3 + 72*n**2 - 2*n + 79. Calculate the remainder when w is divided by k(36).
4
Let v(f) = f**2 + 7. Let s = -448 + 233. What is the remainder when v(6) is divided by s/(-30) + 2/(-12) + 2?
7
Suppose -j + 4*p + 28 = -60, 0 = 4*p + 20. Let q = -71 - -106. What is the remainder when j is divided by q?
33
Let j(a) = -a**2 - 33*a - 176. Calculate the remainder when 211 is divided by j(-25).
19
Suppose -84 = 5*k - 24. Let i = k - -49. Calculate the remainder when 107 is divided by i.
33
Suppose -g + 65 = -5*b - 16, 4*b + 61 = -3*g. Calculate the remainder when ((-564)/(-16))/(10/b + 1) is divided by 16.
14
Let p = -8 + 28. Suppose n - 38 = p. Calculate the remainder when n is divided by 15.
13
Let d = 3976 + -2659. What is the remainder when d is divided by 24?
21
Suppose 3*f = -4*n + 14, -5 = -f - 4*n - 3. Suppose 2*p - 4*v = 98, 11*p - f*p - 277 = 2*v. Calculate the remainder when p is divided by 20.
17
Let s = 1 + 3. Suppose 3*v - 10 = -0*d + d, -16 = -s*v + 4*d. Suppose -5 = -2*z + v. Calculate the remainder when 6 is divided by z.
2
Let f = -18 + 10. Let l(t) = 6*t**2 - 14*t - 9. Let z(k) = k**2 - 3*k - 2. Let d(u) = 2*l(u) - 11*z(u). Calculate the remainder when 83 is divided by d(f).
27
Suppose 2*s - 24 = -2*s. Calculate the remainder when s is divided by (48/(-32))/((-6)/12).
0
Suppose 25 = 3*t - 4*f, -7 = t - 2*t + 2*f. Suppose 13 + t = 3*o. What is the remainder when 23 is divided by o?
7
Let s be 46/161 + 144/(-14) + 1. What is the remainder when 13 + ((-15)/s)/(15/18) is divided by 4?
3
Suppose 4*p - y = 2*p + 24, -5*p + 4*y + 57 = 0. What is the remainder when (62/(-5))/(13/(-65)) is divided by p?
10
Suppose 2*q = 2*u - 4, 2*q - 10 = 3*u - 8*u. Let p = -11 - -14. Suppose -k + p + u = 0. Calculate the remainder when k is divided by 3.
2
Suppose -103 - 17 = -2*h + 4*l, -3*l = 4*h - 240. What is the remainder when h is divided by 14?
4
Suppose 50*h = 52*h - 78. What is the remainder when 48 is divided by h?
9
Let u be (20/6)/((-6)/(-18)). Suppose v + 0*v - 8 = -3*b, -3*v - 2*b = -u. Suppose 16 + 2 = 2*z. Calculate the remainder when z is divided by v.
1
Suppose -2*q - 2*q + 18 = -2*p, -3*q + 2*p + 13 = 0. Suppose -f = u - 10, 0 = q*u + 2*f - 39 - 17. What is the remainder when 46 is divided by u?
10
Let g(o) = 2*o - 4. Let y = 14 - 10. Suppose 0 = 4*c + c - 15. What is the remainder when g(y) is divided by c?
1
Suppose -7 = k - 4*u, -u = 2 - 3. What is the remainder when 15 is divided by 9/1 + 2 + k?
7
Let b be (-63)/(-6) + 8/(-16). Suppose -8*o + b*o = 130. Suppose 0 = -v - v + 44. What is the remainder when o is divided by v?
21
Suppose 6*b = 7 + 5. Let o = b - -1. What is the remainder when 7 is divided by o?
1
Let l(y) = -y**2 + 11*y - 19. What is the remainder when 150 is divided by l(7)?
6
Let a(f) = 6*f**3 - 3*f**2 + 3. Let c = -3 - -5. Calculate the remainder when a(c) is divided by 12.
3
Let w(f) = 5*f**2 - 10*f - 45. Suppose 2*d = 9*y - 5*y + 46, -20 = 4*y. What is the remainder when w(-4) is divided by d?
10
Suppose 5*y = 0, 3*s + 5 + 1 = -2*y. What is the remainder when 59 is divided by -1 + s*(-7 - 1)?
14
Suppose 6*w - 415 = -37. Calculate the remainder when 251 is divided by w.
62
Suppose -219*l - 611 = -232*l. Suppose 4*i + 16 = -0*w + 4*w, -w - 12 = i. Calculate the remainder when l is divided by (-50)/i*(5 + -1).
22
Let p(w) = -w**3 + 9*w**2 - 9*w - 24. What is the remainder when p(7) is divided by 7?
4
Suppose 5*l - 6*l - 64 = -2*o, 4*o - l = 132. Suppose 4*y - 124 = -2*i, -4*i - 3*y + 107 + 151 = 0. What is the remainder when i is divided by o?
32
Let i = 485 + -347. What is the remainder when i is divided by 20?
18
Suppose 5*f - 5*d = 440, -f + 25*d = 28*d - 100. What is the remainder when f is divided by 2212/70 + 4/10?
27
Let s = -13 - -8. Let r be s/35 - 295/(-7). Suppose 3*v + 3*k = -v + 26, 5*k + r = 4*v. What is the remainder when 23 is divided by v?
7
Suppose 23 = m + 3*q - 2*q, -3*m - 5*q = -61. What is the remainder when 347 is divided by m?
23
Let b(w) = -w + 17. Let o be b(14). Let r be 16/3 + (-6)/(-9). Let l = o + r. What is the remainder when 24 is divided by l?
6
Let h(g) = 18*g - 9. Let b(k) = 36*k - 18. Let x(q) = 3*b(q) - 5*h(q). What is the remainder when 134 is divided by x(2)?
26
Let f(y) = y**3 - 5*y + 3. Let x be f(3). Let v = x - 1. What is the remainder when 9 is divided by 120/28 - 4/v?
1
Suppose -3*t = -23 + 8. Let m(d) = -5*d + 33. What is the remainder when 134 is divided by m(t)?
6
Let h(p) = 49*p + 283. What is the remainder when h(0) is divided by 151?
132
Let c be (2/1)/((-1)/(-2)).